 what is -43356a + 8?
-433562
In base 15, what is 3b01 - -7ed?
43ee
In base 9, what is 2 + -51041046?
-51041044
In base 14, what is -2 - -4c9924?
4c9922
In base 16, what is -600ce1 + 8?
-600cd9
In base 3, what is -2020110 + 11100202212?
11021112102
In base 12, what is 3014 + 430?
3444
In base 11, what is -360418 - -33?
-360395
In base 3, what is 20221022212 - -1202?
20221101121
In base 11, what is -5 - -19a8a683?
19a8a679
In base 3, what is 10002 - 11100011101001?
-11100011020222
In base 15, what is -31 + 3c5c7?
3c596
In base 11, what is 8128431 - -3?
8128434
In base 13, what is 9a00c5 - 0?
9a00c5
In base 12, what is 5 - -3276959?
3276962
In base 16, what is -2 - -ef2320?
ef231e
In base 14, what is -6 - 23b3285?
-23b328b
In base 8, what is -474 - -201323?
200627
In base 3, what is 1 - 101120202112?
-101120202111
In base 14, what is a041656 - 4?
a041652
In base 4, what is 30203 - -1003222?
1100031
In base 5, what is -143 + 1104110042?
1104104344
In base 13, what is 3bb - 5730b?
-56c20
In base 4, what is 0 + -10202301200?
-10202301200
In base 6, what is 23441 + 441050?
504531
In base 14, what is -710403 + -9c?
-7104a1
In base 11, what is -195907a0 - 1?
-195907a1
In base 15, what is -5 - -45db67?
45db62
In base 14, what is 9 - -2248b1?
2248ba
In base 15, what is -3108b - -4b?
-31040
In base 2, what is -10100010000000000011011 + 1?
-10100010000000000011010
In base 14, what is -3 + -1c13c88?
-1c13c8b
In base 16, what is -5c4 - -8de?
31a
In base 9, what is 7713 - -40?
7753
In base 14, what is 126 - 13b12c?
-13b006
In base 13, what is -13 - 44484?
-44497
In base 9, what is 46771535 - 1?
46771534
In base 6, what is -25115 + -245345?
-314504
In base 10, what is -84 - -552785?
552701
In base 8, what is 126 - -245226?
245354
In base 7, what is 541500 + -326?
541141
In base 16, what is 12bee - -310?
12efe
In base 6, what is 14 + -21303413?
-21303355
In base 12, what is -b9152 + 38a0?
-b5472
In base 14, what is -3056 - 694?
-370a
In base 4, what is 0 + 2010230032332?
2010230032332
In base 8, what is 335 - 1261144?
-1260607
In base 9, what is 12351 + -35525?
-23164
In base 15, what is 3c + -9989?
-994c
In base 3, what is 1100 + -10202020010120?
-10202020002020
In base 14, what is -d2 + -3b878?
-3b96a
In base 10, what is 1888763 + 4?
1888767
In base 9, what is -384021757 - -1?
-384021756
In base 9, what is -273505 - -318?
-273176
In base 8, what is -2 + -44375570?
-44375572
In base 2, what is -10110011111110110 + -101110110?
-10110100101101100
In base 11, what is -23 - 64a164?
-64a187
In base 2, what is -11010011111001110010000 + 10?
-11010011111001110001110
In base 4, what is 3112 + -113130?
-110012
In base 4, what is 1220301 - 30311?
1123330
In base 10, what is -6354 - 2095?
-8449
In base 8, what is -27343 + -711?
-30254
In base 10, what is 4190652 - -2?
4190654
In base 15, what is 56b13d6 + 5?
56b13db
In base 12, what is 26253 + 2b40?
29193
In base 8, what is -21 + 362532622?
362532601
In base 4, what is 221212 + 313200?
1201012
In base 15, what is -143cee8 + -8?
-143d001
In base 14, what is 2 - 43b32b?
-43b329
In base 7, what is -3601 - -30454?
23553
In base 14, what is 0 - -570c40?
570c40
In base 5, what is -2000122 - 1330110?
-3330232
In base 11, what is -19239081 + 4?
-19239078
In base 9, what is 267 + 734541?
734818
In base 12, what is -732 + -995?
-1507
In base 16, what is -2783 - -ea5?
-18de
In base 4, what is -10 + -31211212031?
-31211212101
In base 6, what is -4430405 - 44?
-4430453
In base 3, what is 1102211 - 102121110?
-101011122
In base 6, what is 1304 - -15501024?
15502332
In base 11, what is 1997 + 86a8?
a594
In base 3, what is 12212222010222111 - -1?
12212222010222112
In base 7, what is 130555 - 3311?
124244
In base 5, what is -114 - 3041322?
-3041441
In base 13, what is -c19431 - 157?
-c19588
In base 8, what is 6505172 + 13?
6505205
In base 12, what is 646161 + -7?
646156
In base 13, what is 128 + 243bc?
24517
In base 11, what is 23271 + -49?
23223
In base 10, what is -27791 - -6516?
-21275
In base 4, what is 22021110 - 3202?
22011302
In base 10, what is -3209 - -8172?
4963
In base 6, what is 4042525225 + -2?
4042525223
In base 7, what is 3244011 + 23?
3244034
In base 11, what is 0 + 102818782?
102818782
In base 5, what is 321433 - 121203?
200230
In base 10, what is -2 + 10704070?
10704068
In base 9, what is -22 + -131420?
-131442
In base 9, what is 25 - -68520?
68545
In base 12, what is -8b71 + -360a?
-1057b
In base 10, what is -5826 + -125545?
-131371
In base 15, what is -2c654 - 27?
-2c67b
In base 10, what is -2 + 78899309?
78899307
In base 16, what is -5773e - -6?
-57738
In base 16, what is 4cb64 + 4?
4cb68
In base 6, what is -2145434 - -5?
-2145425
In base 2, what is 101100100011010 + 100101001000?
110001001100010
In base 5, what is 1043 + -41340224?
-41334131
In base 16, what is 5 + -3739c2?
-3739bd
In base 14, what is -6291 - 13c3?
-7674
In base 6, what is -443 - 11244322?
-11245205
In base 4, what is -1312201230033 + -11?
-1312201230110
In base 8, what is 10 + -270601?
-270571
In base 10, what is 78355 - 46?
78309
In base 4, what is 2221 - 1013103?
-1010222
In base 16, what is f - 432f5?
-432e6
In base 13, what is -a36 - -7862?
6b29
In base 8, what is 6746 + 105121?
114067
In base 2, what is 111110011011111010 + 100101111?
111110100000101001
In base 16, what is 1 - -88e96c?
88e96d
In base 15, what is 10324 + -325?
eeee
In base 15, what is 4 + -3257b15?
-3257b11
In base 10, what is 2875 + 11129?
14004
In base 15, what is -1b59 + d5b?
-ced
In base 6, what is 44023 + -140233?
-52210
In base 12, what is 125b5b12 + 7?
125b5b19
In base 11, what is 3265 - 145?
3120
In base 10, what is 170231 - 40?
170191
In base 11, what is -54575692 + 5?
-54575688
In base 13, what is 5b2b4 + -39?
5b278
In base 2, what is -10110111101110001000101010 + -11?
-10110111101110001000101101
In base 16, what is 901fe2 - -a?
901fec
In base 9, what is -438673862 + 1?
-438673861
In base 14, what is 2db - -938c?
9689
In base 16, what is 1c052a9 + 2?
1c052ab
In base 8, what is 22564 - 30644?
-6060
In base 5, what is -133111011112 + 0?
-133111011112
In base 3, what is -201 - 1221120101011110?
-1221120101012011
In base 15, what is 6ea72 + 66?
6ead8
In base 8, what is 2202537 + 1674?
2204433
In base 2, what is -1 - -11000000010011011?
11000000010011010
In base 13, what is -2074bb72 - 2?
-2074bb74
In base 14, what is -32adbc0 - 35?
-32adc15
In base 6, what is -44144340 - 0?
-44144340
In base 6, what is -3045243342 - 1?
-3045243343
In base 7, what is -24323330 - 21?
-24323351
In base 9, what is 7 + -1014435?
-1014427
In base 4, what is 32133223303 + 2333?
32133232302
In base 13, what is 741c - 6a?
7382
In base 5, what is 12 + -12201322?
-12201310
In base 16, what is -4 + -1bbcd3?
-1bbcd7
In base 11, what is -1031561 + 4?
-1031558
In base 13, what is -6bb038 + -60?
-6bb098
In base 6, what is -44334 - 115114?
-203452
In base 14, what is -3b3d4 + -147?
-3b53b
In base 7, what is 434532 - 3500?
431032
In base 6, what is -514103104 - -5?
-514103055
In base 16, what is -5483c16 + 0?
-5483c16
In base 4, what is -22 - -11103322000?
11103321312
In base 4, what is 1213301 + 200131?
2020032
In base 11, what is 370 + -11a49?
-11689
In base 2, what is 10100101010111000011 + 1000100?
10100101011000000111
In base 14, what is 26d83c - -3d?
26d87b
In base 8, what is 1150 - 10401067?
-10377717
In base 10, what is -111 + 105616?
105505
In base 16, what is af3 - 298?
85b
In base 14, what is -71b58 + 1379?
-707bd
In base 2, what is -1111100010 - -10111110100011010110?
10111110010011110100
In base 13, what is 18 - -13c010?
13c028
In base 14, what is -121 + 155b?
143a
In base 16, what is -6a9cf1 + -1?
-6a9cf2
In base 6, what is 1550502 - 21?
1550441
In base 14, what is 5 + -8b07d?
-8b078
In base 4, what is 1002 + 3332030010?
3332031012
In base 16, what is -10d3 - -1359f?
124cc
In base 13, what is -5 + -48b1273?
-48b1278
In base 6, what is -31002300 + 24?
-31002232
In base 10, what is -243695 - 54?
-243749
In base 5, what is 10 + 242234010?
242234020
In base 13, what is 1a43 + 463?
21a6
In base 13, what is 513 + 7657?
7b6a
In base 4, what is 1010110032101 - -203?
1010110032310
In base 9, what is 1402561 - 35?
1402525
In base 8, what is -2 + 104004100?
104004076
In base 3, what is -1 - 102101